{"id":46,"date":"2024-08-09T17:13:04","date_gmt":"2024-08-09T15:13:04","guid":{"rendered":"https:\/\/www.sanwicom.com\/?page_id=46"},"modified":"2024-08-09T17:19:08","modified_gmt":"2024-08-09T15:19:08","slug":"aux-origines-un-royaume","status":"publish","type":"page","link":"https:\/\/www.sanwicom.com\/index.php\/aux-origines-un-royaume\/","title":{"rendered":"Aux origines, un royaume"},"content":{"rendered":"\t\t<div data-elementor-type=\"wp-page\" data-elementor-id=\"46\" class=\"elementor elementor-46\">\n\t\t\t\t<div class=\"elementor-element elementor-element-fd0f0cc e-flex e-con-boxed wpr-particle-no wpr-jarallax-no wpr-parallax-no wpr-sticky-section-no e-con e-parent\" data-id=\"fd0f0cc\" data-element_type=\"container\">\n\t\t\t\t\t<div class=\"e-con-inner\">\n\t\t<div class=\"elementor-element elementor-element-2c9c363 e-con-full e-flex wpr-particle-no wpr-jarallax-no wpr-parallax-no wpr-sticky-section-no e-con e-child\" data-id=\"2c9c363\" data-element_type=\"container\">\n\t\t\t\t<div class=\"elementor-element elementor-element-a5aec72 elementor-widget elementor-widget-image\" data-id=\"a5aec72\" data-element_type=\"widget\" data-widget_type=\"image.default\">\n\t\t\t\t<div class=\"elementor-widget-container\">\n\t\t\t\t\t\t\t\t\t\t\t\t\t\t\t<img fetchpriority=\"high\" decoding=\"async\" width=\"576\" height=\"1024\" src=\"https:\/\/www.sanwicom.com\/wp-content\/uploads\/2024\/08\/SANWICOM-ROYAUME-576x1024.png\" class=\"attachment-large size-large wp-image-48\" alt=\"Aux origines un royaume\" srcset=\"https:\/\/www.sanwicom.com\/wp-content\/uploads\/2024\/08\/SANWICOM-ROYAUME-576x1024.png 576w, https:\/\/www.sanwicom.com\/wp-content\/uploads\/2024\/08\/SANWICOM-ROYAUME-169x300.png 169w, https:\/\/www.sanwicom.com\/wp-content\/uploads\/2024\/08\/SANWICOM-ROYAUME-768x1365.png 768w, https:\/\/www.sanwicom.com\/wp-content\/uploads\/2024\/08\/SANWICOM-ROYAUME-864x1536.png 864w, https:\/\/www.sanwicom.com\/wp-content\/uploads\/2024\/08\/SANWICOM-ROYAUME.png 1080w\" sizes=\"(max-width: 576px) 100vw, 576px\" \/>\t\t\t\t\t\t\t\t\t\t\t\t\t\t\t<\/div>\n\t\t\t\t<\/div>\n\t\t\t\t<\/div>\n\t\t<div class=\"elementor-element elementor-element-84605db e-con-full e-flex wpr-particle-no wpr-jarallax-no wpr-parallax-no wpr-sticky-section-no e-con e-child\" data-id=\"84605db\" data-element_type=\"container\">\n\t\t<div class=\"elementor-element elementor-element-c6190a4 e-con-full e-flex wpr-particle-no wpr-jarallax-no wpr-parallax-no wpr-sticky-section-no e-con e-child\" data-id=\"c6190a4\" data-element_type=\"container\">\n\t\t\t\t<div class=\"elementor-element elementor-element-51dda85 elementor-widget elementor-widget-text-editor\" data-id=\"51dda85\" data-element_type=\"widget\" data-widget_type=\"text-editor.default\">\n\t\t\t\t<div class=\"elementor-widget-container\">\n\t\t\t\t\t\t\t\t\t<p><span class=\"OYPEnA font-feature-liga-off font-feature-clig-off font-feature-calt-off text-decoration-none text-strikethrough-none\">Le nom SANWICOM fait r\u00e9f\u00e9rence au royaume du SANWI, et \u00e0 l&rsquo;histoire du peuple Agni.<\/span><\/p><p><span class=\"OYPEnA font-feature-liga-off font-feature-clig-off font-feature-calt-off text-decoration-none text-strikethrough-none\">Le SANWI, situ\u00e9 \u00e0 la pointe sud-est de la C\u00f4te d&rsquo;Ivoire, et peu connu de la majorit\u00e9 des fran\u00e7ais, a toujours \u00e9t\u00e9 \u00e9troitement li\u00e9 \u00e0 notre histoire nationale, de Louis XIV au G\u00e9n\u00e9ral de Gaulle, en passant par Louis-Philippe 1er.<\/span><\/p><p><span class=\"OYPEnA font-feature-liga-off font-feature-clig-off font-feature-calt-off text-decoration-none text-strikethrough-none\">Il a r\u00e9cemment fait les gros titres de la presse fran\u00e7aise, suite \u00e0 l&rsquo;incendie qui a ravag\u00e9 Notre Dame de Paris, lorsque son roi a annonc\u00e9 la d\u00e9cision du Royaume d&rsquo;aider \u00e0 reb\u00e2tir la cath\u00e9drale.<\/span><\/p>\t\t\t\t\t\t\t\t<\/div>\n\t\t\t\t<\/div>\n\t\t\t\t<\/div>\n\t\t\t\t<\/div>\n\t\t\t\t\t<\/div>\n\t\t\t\t<\/div>\n\t\t<div class=\"elementor-element elementor-element-83ef9a3 e-flex e-con-boxed wpr-particle-no wpr-jarallax-no wpr-parallax-no wpr-sticky-section-no e-con e-parent\" data-id=\"83ef9a3\" data-element_type=\"container\">\n\t\t\t\t\t<div class=\"e-con-inner\">\n\t\t\t\t<div class=\"elementor-element elementor-element-7a20508 elementor-widget elementor-widget-text-editor\" data-id=\"7a20508\" data-element_type=\"widget\" data-widget_type=\"text-editor.default\">\n\t\t\t\t<div class=\"elementor-widget-container\">\n\t\t\t\t\t\t\t\t\t<h5><span class=\"OYPEnA font-feature-liga-off font-feature-clig-off font-feature-calt-off text-decoration-none text-strikethrough-none\"><em>\u00ab\u00a0Si Paris vaut bien une messe, un lieu de messe parisien incendi\u00e9 vaut bien une larme africaine\u00a0\u00bb.<\/em> <\/span><\/h5><p><span class=\"OYPEnA font-feature-liga-off font-feature-clig-off font-feature-calt-off text-decoration-none text-strikethrough-none\">Le Sanwi a organis\u00e9 des messes de soutien, et a pleur\u00e9 la perte de cette vieille dame qui avait accueilli un jour, Aniaba, son prince.<\/span><\/p>\t\t\t\t\t\t\t\t<\/div>\n\t\t\t\t<\/div>\n\t\t\t\t\t<\/div>\n\t\t\t\t<\/div>\n\t\t\t\t<\/div>\n\t\t","protected":false},"excerpt":{"rendered":"<p>Le nom SANWICOM fait r\u00e9f\u00e9rence au royaume du SANWI, et \u00e0 l&rsquo;histoire du peuple Agni. Le SANWI, situ\u00e9 \u00e0 la pointe sud-est de la C\u00f4te d&rsquo;Ivoire, et peu connu de la majorit\u00e9 des fran\u00e7ais, a toujours \u00e9t\u00e9 \u00e9troitement li\u00e9 \u00e0 notre histoire nationale, de Louis XIV au G\u00e9n\u00e9ral de Gaulle, en passant par Louis-Philippe 1er. Il a r\u00e9cemment fait les gros titres de la presse fran\u00e7aise, suite \u00e0 l&rsquo;incendie qui a ravag\u00e9 Notre Dame de Paris, lorsque son roi a annonc\u00e9 la d\u00e9cision du Royaume d&rsquo;aider \u00e0 reb\u00e2tir la cath\u00e9drale. \u00ab\u00a0Si Paris vaut bien une messe, un lieu de messe parisien incendi\u00e9 vaut bien une larme africaine\u00a0\u00bb. Le Sanwi a organis\u00e9 des messes de soutien, et a pleur\u00e9 la perte de cette vieille dame qui avait accueilli un jour, Aniaba, son prince.<\/p>\n","protected":false},"author":3,"featured_media":0,"parent":0,"menu_order":0,"comment_status":"closed","ping_status":"closed","template":"","meta":{"site-sidebar-layout":"default","site-content-layout":"","ast-site-content-layout":"","site-content-style":"default","site-sidebar-style":"default","ast-global-header-display":"","ast-banner-title-visibility":"","ast-main-header-display":"","ast-hfb-above-header-display":"","ast-hfb-below-header-display":"","ast-hfb-mobile-header-display":"","site-post-title":"","ast-breadcrumbs-content":"","ast-featured-img":"","footer-sml-layout":"","theme-transparent-header-meta":"","adv-header-id-meta":"","stick-header-meta":"","header-above-stick-meta":"","header-main-stick-meta":"","header-below-stick-meta":"","astra-migrate-meta-layouts":"default","ast-page-background-enabled":"default","ast-page-background-meta":{"desktop":{"background-color":"var(--ast-global-color-5)","background-image":"","background-repeat":"repeat","background-position":"center center","background-size":"auto","background-attachment":"scroll","background-type":"","background-media":"","overlay-type":"","overlay-color":"","overlay-opacity":"","overlay-gradient":""},"tablet":{"background-color":"","background-image":"","background-repeat":"repeat","background-position":"center center","background-size":"auto","background-attachment":"scroll","background-type":"","background-media":"","overlay-type":"","overlay-color":"","overlay-opacity":"","overlay-gradient":""},"mobile":{"background-color":"","background-image":"","background-repeat":"repeat","background-position":"center center","background-size":"auto","background-attachment":"scroll","background-type":"","background-media":"","overlay-type":"","overlay-color":"","overlay-opacity":"","overlay-gradient":""}},"ast-content-background-meta":{"desktop":{"background-color":"var(--ast-global-color-4)","background-image":"","background-repeat":"repeat","background-position":"center center","background-size":"auto","background-attachment":"scroll","background-type":"","background-media":"","overlay-type":"","overlay-color":"","overlay-opacity":"","overlay-gradient":""},"tablet":{"background-color":"var(--ast-global-color-4)","background-image":"","background-repeat":"repeat","background-position":"center center","background-size":"auto","background-attachment":"scroll","background-type":"","background-media":"","overlay-type":"","overlay-color":"","overlay-opacity":"","overlay-gradient":""},"mobile":{"background-color":"var(--ast-global-color-4)","background-image":"","background-repeat":"repeat","background-position":"center center","background-size":"auto","background-attachment":"scroll","background-type":"","background-media":"","overlay-type":"","overlay-color":"","overlay-opacity":"","overlay-gradient":""}},"footnotes":""},"class_list":["post-46","page","type-page","status-publish","hentry"],"yoast_head":"<!-- This site is optimized with the Yoast SEO plugin v27.4 - https:\/\/yoast.com\/product\/yoast-seo-wordpress\/ -->\n<title>Aux origines, un royaume - Sanwi Communication<\/title>\n<meta name=\"robots\" content=\"index, follow, max-snippet:-1, max-image-preview:large, max-video-preview:-1\" \/>\n<link rel=\"canonical\" href=\"https:\/\/www.sanwicom.com\/index.php\/aux-origines-un-royaume\/\" \/>\n<meta property=\"og:locale\" content=\"fr_FR\" \/>\n<meta property=\"og:type\" content=\"article\" \/>\n<meta property=\"og:title\" content=\"Aux origines, un royaume - Sanwi Communication\" \/>\n<meta property=\"og:description\" content=\"Le nom SANWICOM fait r\u00e9f\u00e9rence au royaume du SANWI, et \u00e0 l&rsquo;histoire du peuple Agni. Le SANWI, situ\u00e9 \u00e0 la pointe sud-est de la C\u00f4te d&rsquo;Ivoire, et peu connu de la majorit\u00e9 des fran\u00e7ais, a toujours \u00e9t\u00e9 \u00e9troitement li\u00e9 \u00e0 notre histoire nationale, de Louis XIV au G\u00e9n\u00e9ral de Gaulle, en passant par Louis-Philippe 1er. Il a r\u00e9cemment fait les gros titres de la presse fran\u00e7aise, suite \u00e0 l&rsquo;incendie qui a ravag\u00e9 Notre Dame de Paris, lorsque son roi a annonc\u00e9 la d\u00e9cision du Royaume d&rsquo;aider \u00e0 reb\u00e2tir la cath\u00e9drale. \u00ab\u00a0Si Paris vaut bien une messe, un lieu de messe parisien incendi\u00e9 vaut bien une larme africaine\u00a0\u00bb. Le Sanwi a organis\u00e9 des messes de soutien, et a pleur\u00e9 la perte de cette vieille dame qui avait accueilli un jour, Aniaba, son prince.\" \/>\n<meta property=\"og:url\" content=\"https:\/\/www.sanwicom.com\/index.php\/aux-origines-un-royaume\/\" \/>\n<meta property=\"og:site_name\" content=\"Sanwi Communication\" \/>\n<meta property=\"article:modified_time\" content=\"2024-08-09T15:19:08+00:00\" \/>\n<meta property=\"og:image\" content=\"https:\/\/www.sanwicom.com\/wp-content\/uploads\/2024\/08\/SANWICOM-ROYAUME-576x1024.png\" \/>\n<meta name=\"twitter:card\" content=\"summary_large_image\" \/>\n<meta name=\"twitter:label1\" content=\"Dur\u00e9e de lecture estim\u00e9e\" \/>\n\t<meta name=\"twitter:data1\" content=\"1 minute\" \/>\n<script type=\"application\/ld+json\" class=\"yoast-schema-graph\">{\"@context\":\"https:\\\/\\\/schema.org\",\"@graph\":[{\"@type\":\"WebPage\",\"@id\":\"https:\\\/\\\/www.sanwicom.com\\\/index.php\\\/aux-origines-un-royaume\\\/\",\"url\":\"https:\\\/\\\/www.sanwicom.com\\\/index.php\\\/aux-origines-un-royaume\\\/\",\"name\":\"Aux origines, un royaume - Sanwi Communication\",\"isPartOf\":{\"@id\":\"https:\\\/\\\/www.sanwicom.com\\\/#website\"},\"primaryImageOfPage\":{\"@id\":\"https:\\\/\\\/www.sanwicom.com\\\/index.php\\\/aux-origines-un-royaume\\\/#primaryimage\"},\"image\":{\"@id\":\"https:\\\/\\\/www.sanwicom.com\\\/index.php\\\/aux-origines-un-royaume\\\/#primaryimage\"},\"thumbnailUrl\":\"https:\\\/\\\/www.sanwicom.com\\\/wp-content\\\/uploads\\\/2024\\\/08\\\/SANWICOM-ROYAUME-576x1024.png\",\"datePublished\":\"2024-08-09T15:13:04+00:00\",\"dateModified\":\"2024-08-09T15:19:08+00:00\",\"breadcrumb\":{\"@id\":\"https:\\\/\\\/www.sanwicom.com\\\/index.php\\\/aux-origines-un-royaume\\\/#breadcrumb\"},\"inLanguage\":\"fr-FR\",\"potentialAction\":[{\"@type\":\"ReadAction\",\"target\":[\"https:\\\/\\\/www.sanwicom.com\\\/index.php\\\/aux-origines-un-royaume\\\/\"]}]},{\"@type\":\"ImageObject\",\"inLanguage\":\"fr-FR\",\"@id\":\"https:\\\/\\\/www.sanwicom.com\\\/index.php\\\/aux-origines-un-royaume\\\/#primaryimage\",\"url\":\"https:\\\/\\\/www.sanwicom.com\\\/wp-content\\\/uploads\\\/2024\\\/08\\\/SANWICOM-ROYAUME.png\",\"contentUrl\":\"https:\\\/\\\/www.sanwicom.com\\\/wp-content\\\/uploads\\\/2024\\\/08\\\/SANWICOM-ROYAUME.png\",\"width\":1080,\"height\":1920,\"caption\":\"Aux origines un royaume\"},{\"@type\":\"BreadcrumbList\",\"@id\":\"https:\\\/\\\/www.sanwicom.com\\\/index.php\\\/aux-origines-un-royaume\\\/#breadcrumb\",\"itemListElement\":[{\"@type\":\"ListItem\",\"position\":1,\"name\":\"Accueil\",\"item\":\"https:\\\/\\\/www.sanwicom.com\\\/\"},{\"@type\":\"ListItem\",\"position\":2,\"name\":\"Aux origines, un royaume\"}]},{\"@type\":\"WebSite\",\"@id\":\"https:\\\/\\\/www.sanwicom.com\\\/#website\",\"url\":\"https:\\\/\\\/www.sanwicom.com\\\/\",\"name\":\"Sanwi Communication\",\"description\":\"\",\"publisher\":{\"@id\":\"https:\\\/\\\/www.sanwicom.com\\\/#organization\"},\"potentialAction\":[{\"@type\":\"SearchAction\",\"target\":{\"@type\":\"EntryPoint\",\"urlTemplate\":\"https:\\\/\\\/www.sanwicom.com\\\/?s={search_term_string}\"},\"query-input\":{\"@type\":\"PropertyValueSpecification\",\"valueRequired\":true,\"valueName\":\"search_term_string\"}}],\"inLanguage\":\"fr-FR\"},{\"@type\":\"Organization\",\"@id\":\"https:\\\/\\\/www.sanwicom.com\\\/#organization\",\"name\":\"Sanwi Communication\",\"url\":\"https:\\\/\\\/www.sanwicom.com\\\/\",\"logo\":{\"@type\":\"ImageObject\",\"inLanguage\":\"fr-FR\",\"@id\":\"https:\\\/\\\/www.sanwicom.com\\\/#\\\/schema\\\/logo\\\/image\\\/\",\"url\":\"https:\\\/\\\/www.sanwicom.com\\\/wp-content\\\/uploads\\\/2023\\\/12\\\/LOGO-sanwicom-bleu-sur-blanc-scaled.png\",\"contentUrl\":\"https:\\\/\\\/www.sanwicom.com\\\/wp-content\\\/uploads\\\/2023\\\/12\\\/LOGO-sanwicom-bleu-sur-blanc-scaled.png\",\"width\":2560,\"height\":560,\"caption\":\"Sanwi Communication\"},\"image\":{\"@id\":\"https:\\\/\\\/www.sanwicom.com\\\/#\\\/schema\\\/logo\\\/image\\\/\"}}]}<\/script>\n<!-- \/ Yoast SEO plugin. -->","yoast_head_json":{"title":"Aux origines, un royaume - Sanwi Communication","robots":{"index":"index","follow":"follow","max-snippet":"max-snippet:-1","max-image-preview":"max-image-preview:large","max-video-preview":"max-video-preview:-1"},"canonical":"https:\/\/www.sanwicom.com\/index.php\/aux-origines-un-royaume\/","og_locale":"fr_FR","og_type":"article","og_title":"Aux origines, un royaume - Sanwi Communication","og_description":"Le nom SANWICOM fait r\u00e9f\u00e9rence au royaume du SANWI, et \u00e0 l&rsquo;histoire du peuple Agni. Le SANWI, situ\u00e9 \u00e0 la pointe sud-est de la C\u00f4te d&rsquo;Ivoire, et peu connu de la majorit\u00e9 des fran\u00e7ais, a toujours \u00e9t\u00e9 \u00e9troitement li\u00e9 \u00e0 notre histoire nationale, de Louis XIV au G\u00e9n\u00e9ral de Gaulle, en passant par Louis-Philippe 1er. Il a r\u00e9cemment fait les gros titres de la presse fran\u00e7aise, suite \u00e0 l&rsquo;incendie qui a ravag\u00e9 Notre Dame de Paris, lorsque son roi a annonc\u00e9 la d\u00e9cision du Royaume d&rsquo;aider \u00e0 reb\u00e2tir la cath\u00e9drale. \u00ab\u00a0Si Paris vaut bien une messe, un lieu de messe parisien incendi\u00e9 vaut bien une larme africaine\u00a0\u00bb. Le Sanwi a organis\u00e9 des messes de soutien, et a pleur\u00e9 la perte de cette vieille dame qui avait accueilli un jour, Aniaba, son prince.","og_url":"https:\/\/www.sanwicom.com\/index.php\/aux-origines-un-royaume\/","og_site_name":"Sanwi Communication","article_modified_time":"2024-08-09T15:19:08+00:00","og_image":[{"url":"https:\/\/www.sanwicom.com\/wp-content\/uploads\/2024\/08\/SANWICOM-ROYAUME-576x1024.png","type":"","width":"","height":""}],"twitter_card":"summary_large_image","twitter_misc":{"Dur\u00e9e de lecture estim\u00e9e":"1 minute"},"schema":{"@context":"https:\/\/schema.org","@graph":[{"@type":"WebPage","@id":"https:\/\/www.sanwicom.com\/index.php\/aux-origines-un-royaume\/","url":"https:\/\/www.sanwicom.com\/index.php\/aux-origines-un-royaume\/","name":"Aux origines, un royaume - Sanwi Communication","isPartOf":{"@id":"https:\/\/www.sanwicom.com\/#website"},"primaryImageOfPage":{"@id":"https:\/\/www.sanwicom.com\/index.php\/aux-origines-un-royaume\/#primaryimage"},"image":{"@id":"https:\/\/www.sanwicom.com\/index.php\/aux-origines-un-royaume\/#primaryimage"},"thumbnailUrl":"https:\/\/www.sanwicom.com\/wp-content\/uploads\/2024\/08\/SANWICOM-ROYAUME-576x1024.png","datePublished":"2024-08-09T15:13:04+00:00","dateModified":"2024-08-09T15:19:08+00:00","breadcrumb":{"@id":"https:\/\/www.sanwicom.com\/index.php\/aux-origines-un-royaume\/#breadcrumb"},"inLanguage":"fr-FR","potentialAction":[{"@type":"ReadAction","target":["https:\/\/www.sanwicom.com\/index.php\/aux-origines-un-royaume\/"]}]},{"@type":"ImageObject","inLanguage":"fr-FR","@id":"https:\/\/www.sanwicom.com\/index.php\/aux-origines-un-royaume\/#primaryimage","url":"https:\/\/www.sanwicom.com\/wp-content\/uploads\/2024\/08\/SANWICOM-ROYAUME.png","contentUrl":"https:\/\/www.sanwicom.com\/wp-content\/uploads\/2024\/08\/SANWICOM-ROYAUME.png","width":1080,"height":1920,"caption":"Aux origines un royaume"},{"@type":"BreadcrumbList","@id":"https:\/\/www.sanwicom.com\/index.php\/aux-origines-un-royaume\/#breadcrumb","itemListElement":[{"@type":"ListItem","position":1,"name":"Accueil","item":"https:\/\/www.sanwicom.com\/"},{"@type":"ListItem","position":2,"name":"Aux origines, un royaume"}]},{"@type":"WebSite","@id":"https:\/\/www.sanwicom.com\/#website","url":"https:\/\/www.sanwicom.com\/","name":"Sanwi Communication","description":"","publisher":{"@id":"https:\/\/www.sanwicom.com\/#organization"},"potentialAction":[{"@type":"SearchAction","target":{"@type":"EntryPoint","urlTemplate":"https:\/\/www.sanwicom.com\/?s={search_term_string}"},"query-input":{"@type":"PropertyValueSpecification","valueRequired":true,"valueName":"search_term_string"}}],"inLanguage":"fr-FR"},{"@type":"Organization","@id":"https:\/\/www.sanwicom.com\/#organization","name":"Sanwi Communication","url":"https:\/\/www.sanwicom.com\/","logo":{"@type":"ImageObject","inLanguage":"fr-FR","@id":"https:\/\/www.sanwicom.com\/#\/schema\/logo\/image\/","url":"https:\/\/www.sanwicom.com\/wp-content\/uploads\/2023\/12\/LOGO-sanwicom-bleu-sur-blanc-scaled.png","contentUrl":"https:\/\/www.sanwicom.com\/wp-content\/uploads\/2023\/12\/LOGO-sanwicom-bleu-sur-blanc-scaled.png","width":2560,"height":560,"caption":"Sanwi Communication"},"image":{"@id":"https:\/\/www.sanwicom.com\/#\/schema\/logo\/image\/"}}]}},"_links":{"self":[{"href":"https:\/\/www.sanwicom.com\/index.php\/wp-json\/wp\/v2\/pages\/46","targetHints":{"allow":["GET"]}}],"collection":[{"href":"https:\/\/www.sanwicom.com\/index.php\/wp-json\/wp\/v2\/pages"}],"about":[{"href":"https:\/\/www.sanwicom.com\/index.php\/wp-json\/wp\/v2\/types\/page"}],"author":[{"embeddable":true,"href":"https:\/\/www.sanwicom.com\/index.php\/wp-json\/wp\/v2\/users\/3"}],"replies":[{"embeddable":true,"href":"https:\/\/www.sanwicom.com\/index.php\/wp-json\/wp\/v2\/comments?post=46"}],"version-history":[{"count":5,"href":"https:\/\/www.sanwicom.com\/index.php\/wp-json\/wp\/v2\/pages\/46\/revisions"}],"predecessor-version":[{"id":52,"href":"https:\/\/www.sanwicom.com\/index.php\/wp-json\/wp\/v2\/pages\/46\/revisions\/52"}],"wp:attachment":[{"href":"https:\/\/www.sanwicom.com\/index.php\/wp-json\/wp\/v2\/media?parent=46"}],"curies":[{"name":"wp","href":"https:\/\/api.w.org\/{rel}","templated":true}]}}